{"id":72,"date":"2025-09-10T15:53:48","date_gmt":"2025-09-10T18:53:48","guid":{"rendered":"https:\/\/angelussolucoes.com.br\/?page_id=72"},"modified":"2026-03-29T18:17:23","modified_gmt":"2026-03-29T21:17:23","slug":"nossos-servicos","status":"publish","type":"page","link":"https:\/\/angelussolucoes.com.br\/?page_id=72","title":{"rendered":"Nossos Servi\u00e7os"},"content":{"rendered":"<section class=\"l-section wpb_row us_custom_6df4bc3a has_text_color hide_on_tablets hide_on_mobiles height_large with_img parallax_fixed\"><div class=\"l-section-img\" role=\"img\" aria-label=\"Imagem\" data-img-width=\"2446\" data-img-height=\"709\" style=\"background-image: url(https:\/\/angelussolucoes.com.br\/wp-content\/uploads\/2025\/09\/Nossos-servicos.jpg);background-position: top center;background-repeat: no-repeat;background-size: contain;\"><\/div><div class=\"l-section-h i-cf\"><div class=\"g-cols vc_row via_grid cols_1 laptops-cols_inherit tablets-cols_inherit mobiles-cols_1 valign_top type_default stacking_default\"><div class=\"wpb_column vc_column_container\"><div class=\"vc_column-inner\"><div class=\"g-cols wpb_row via_grid cols_1 laptops-cols_inherit tablets-cols_inherit mobiles-cols_1 valign_top type_default stacking_default\" style=\"--columns-gap:3rem;\"><div class=\"wpb_column vc_column_container\"><div class=\"vc_column-inner\"><div class=\"wpb_text_column\"><div class=\"wpb_wrapper\"><h2>Nossos servi\u00e7os<\/h2>\n<\/div><\/div><\/div><\/div><\/div><\/div><\/div><\/div><\/div><\/section><section class=\"l-section wpb_row us_custom_6df4bc3a has_text_color hide_on_default hide_on_laptops height_huge with_img parallax_hor bgwidth_130\"><div class=\"l-section-img\" role=\"img\" aria-label=\"Imagem\" data-img-width=\"2446\" data-img-height=\"709\" style=\"background-image: url(https:\/\/angelussolucoes.com.br\/wp-content\/uploads\/2025\/09\/Nossos-servicos.jpg);background-position: top center;background-repeat: no-repeat;\"><\/div><div class=\"l-section-h i-cf\"><div class=\"g-cols vc_row via_grid cols_1 laptops-cols_inherit tablets-cols_inherit mobiles-cols_1 valign_top type_default stacking_default\"><div class=\"wpb_column vc_column_container\"><div class=\"vc_column-inner\"><div class=\"w-separator size_large\"><\/div><div class=\"g-cols wpb_row via_grid cols_1 laptops-cols_inherit tablets-cols_inherit mobiles-cols_1 valign_top type_default stacking_default\" style=\"--columns-gap:3rem;\"><div class=\"wpb_column vc_column_container\"><div class=\"vc_column-inner\"><div class=\"wpb_text_column\"><div class=\"wpb_wrapper\"><h2 style=\"text-align: center;\">Nossos servi\u00e7os<\/h2>\n<\/div><\/div><\/div><\/div><\/div><\/div><\/div><\/div><\/div><\/section><section class=\"l-section wpb_row height_small\"><div class=\"l-section-h i-cf\"><div class=\"g-cols vc_row via_grid cols_1 laptops-cols_inherit tablets-cols_inherit mobiles-cols_1 valign_top type_default stacking_default\"><div class=\"wpb_column vc_column_container\"><div class=\"vc_column-inner\"><div class=\"wpb_text_column\"><div class=\"wpb_wrapper\"><p><strong>Na Angelus<\/strong>, entendemos que cada cliente tem uma necessidade espec\u00edfica. Por isso, oferecemos solu\u00e7\u00f5es completas para garantir que sua carga chegue ao destino de forma r\u00e1pida, segura e com o melhor custo-benef\u00edcio.<\/p>\n<p>Com uma equipe dedicada e tecnologia de ponta, garantimos qualidade, pontualidade e rastreamento em tempo real.<\/p>\n<\/div><\/div><\/div><\/div><div class=\"wpb_column vc_column_container\"><div class=\"vc_column-inner\"><div class=\"w-separator size_small with_line width_default thick_1 style_solid color_border align_center\"><div class=\"w-separator-h\"><\/div><\/div><div class=\"g-cols wpb_row via_grid cols_3 laptops-cols_inherit tablets-cols_inherit mobiles-cols_1 valign_top type_default stacking_default\" style=\"--columns-gap:3rem;\"><div class=\"wpb_column vc_column_container us_custom_97d97f35 has_bg_color\"><div class=\"vc_column-inner\"><div class=\"w-iconbox iconpos_top style_default color_primary align_center\"><div class=\"w-iconbox-icon\" style=\"font-size:6rem;\"><i class=\"fas fa-plane\"><\/i><\/div><div class=\"w-iconbox-meta\"><h6 class=\"w-iconbox-title\">Transporte A\u00e9reo<\/h6><div class=\"w-iconbox-text\"><p>Atendemos todo o territ\u00f3rio brasileiro com agilidade m\u00e1xima. Ideal para cargas urgentes, garantindo seguran\u00e7a, rastreabilidade e os melhores prazos.<\/p>\n<\/div><\/div><\/div><\/div><\/div><div class=\"wpb_column vc_column_container us_custom_97d97f35 has_bg_color\"><div class=\"vc_column-inner\"><div class=\"w-iconbox iconpos_top style_default color_primary align_center\"><div class=\"w-iconbox-icon\" style=\"font-size:6rem;\"><i class=\"fas fa-truck\"><\/i><\/div><div class=\"w-iconbox-meta\"><h6 class=\"w-iconbox-title\">Transporte Rodovi\u00e1rio<\/h6><div class=\"w-iconbox-text\"><p>Convencional, expresso, fracionado ou fechado. Flexibilidade total para atender qualquer porte de remessa.<\/p>\n<\/div><\/div><\/div><\/div><\/div><div class=\"wpb_column vc_column_container us_custom_97d97f35 has_bg_color\"><div class=\"vc_column-inner\"><div class=\"w-iconbox iconpos_top style_default color_primary align_center\"><div class=\"w-iconbox-icon\" style=\"font-size:6rem;\"><i class=\"fas fa-clock\"><\/i><\/div><div class=\"w-iconbox-meta\"><h6 class=\"w-iconbox-title\">Cear\u00e1 Express<\/h6><div class=\"w-iconbox-text\"><p>Servi\u00e7o exclusivo para entregas dentro do estado do Cear\u00e1, com prazos reduzidos e qualidade garantida.<\/p>\n<\/div><\/div><\/div><\/div><\/div><\/div><div class=\"w-separator size_medium\"><\/div><div class=\"g-cols wpb_row via_grid cols_3 laptops-cols_inherit tablets-cols_inherit mobiles-cols_1 valign_top type_default stacking_default\" style=\"--columns-gap:3rem;\"><div class=\"wpb_column vc_column_container us_custom_97d97f35 has_bg_color\"><div class=\"vc_column-inner\"><div class=\"w-iconbox iconpos_top style_default color_primary align_center\"><div class=\"w-iconbox-icon\" style=\"font-size:6rem;\"><i class=\"fas fa-handshake\"><\/i><\/div><div class=\"w-iconbox-meta\"><h6 class=\"w-iconbox-title\">Premium<\/h6><div class=\"w-iconbox-text\"><p>A solu\u00e7\u00e3o ideal para remessas de alt\u00edssima import\u00e2ncia, que exigem prioridade e prazos rigorosos.<\/p>\n<\/div><\/div><\/div><\/div><\/div><div class=\"wpb_column vc_column_container us_custom_97d97f35 has_bg_color\"><div class=\"vc_column-inner\"><div class=\"w-iconbox iconpos_top style_default color_primary align_center\"><div class=\"w-iconbox-icon\" style=\"font-size:6rem;\"><i class=\"fas fa-toolbox\"><\/i><\/div><div class=\"w-iconbox-meta\"><h6 class=\"w-iconbox-title\">Cont\u00eainer<\/h6><div class=\"w-iconbox-text\"><p>Transporte de cont\u00eaineres com efici\u00eancia e seguran\u00e7a, do ponto de origem at\u00e9 o destino final.<\/p>\n<\/div><\/div><\/div><\/div><\/div><div class=\"wpb_column vc_column_container us_custom_97d97f35 has_bg_color\"><div class=\"vc_column-inner\"><div class=\"w-iconbox iconpos_top style_default color_primary align_center\"><div class=\"w-iconbox-icon\" style=\"font-size:6rem;\"><i class=\"fas fa-truck-moving\"><\/i><\/div><div class=\"w-iconbox-meta\"><h6 class=\"w-iconbox-title\">Distribui\u00e7\u00e3o Fracionada<\/h6><div class=\"w-iconbox-text\"><p>(Carga Fechada)<br \/>\nSolu\u00e7\u00f5es para cada tipo de cliente: pequenas quantidades ou grandes volumes com seguran\u00e7a.<\/p>\n<\/div><\/div><\/div><\/div><\/div><\/div><div class=\"w-separator size_medium\"><\/div><div class=\"g-cols wpb_row via_grid cols_1 laptops-cols_inherit tablets-cols_inherit mobiles-cols_1 valign_top type_default stacking_default\" style=\"--columns-gap:3rem;\"><div class=\"wpb_column vc_column_container us_custom_816b9ece has_text_color has_bg_color\"><div class=\"vc_column-inner\"><div class=\"wpb_text_column\"><div class=\"wpb_wrapper\"><h6 style=\"text-align: center;\"><span style=\"color: #ffffff;\"><a style=\"color: #ffffff;\" href=\"https:\/\/wa.me\/5585997441528\" target=\"_blank\" rel=\"noopener\">Entre em contato agora mesmo<br \/>\ne descubra como podemos otimizar a log\u00edstica do seu neg\u00f3cio<\/a><\/span><\/h6>\n<\/div><\/div><\/div><\/div><\/div><\/div><\/div><\/div><\/div><\/section>\n","protected":false},"excerpt":{"rendered":"Nossos servi\u00e7os Nossos servi\u00e7os Na Angelus, entendemos que cada cliente tem uma necessidade espec\u00edfica. Por isso, oferecemos solu\u00e7\u00f5es completas para garantir que sua carga chegue ao destino de forma r\u00e1pida, segura e com o melhor custo-benef\u00edcio. Com uma equipe dedicada e tecnologia de ponta, garantimos qualidade, pontualidade e rastreamento em tempo real. Transporte A\u00e9reoAtendemos todo...","protected":false},"author":1,"featured_media":0,"parent":0,"menu_order":0,"comment_status":"closed","ping_status":"closed","template":"","meta":{"footnotes":""},"class_list":["post-72","page","type-page","status-publish","hentry"],"_links":{"self":[{"href":"https:\/\/angelussolucoes.com.br\/index.php?rest_route=\/wp\/v2\/pages\/72","targetHints":{"allow":["GET"]}}],"collection":[{"href":"https:\/\/angelussolucoes.com.br\/index.php?rest_route=\/wp\/v2\/pages"}],"about":[{"href":"https:\/\/angelussolucoes.com.br\/index.php?rest_route=\/wp\/v2\/types\/page"}],"author":[{"embeddable":true,"href":"https:\/\/angelussolucoes.com.br\/index.php?rest_route=\/wp\/v2\/users\/1"}],"replies":[{"embeddable":true,"href":"https:\/\/angelussolucoes.com.br\/index.php?rest_route=%2Fwp%2Fv2%2Fcomments&post=72"}],"version-history":[{"count":21,"href":"https:\/\/angelussolucoes.com.br\/index.php?rest_route=\/wp\/v2\/pages\/72\/revisions"}],"predecessor-version":[{"id":298,"href":"https:\/\/angelussolucoes.com.br\/index.php?rest_route=\/wp\/v2\/pages\/72\/revisions\/298"}],"wp:attachment":[{"href":"https:\/\/angelussolucoes.com.br\/index.php?rest_route=%2Fwp%2Fv2%2Fmedia&parent=72"}],"curies":[{"name":"wp","href":"https:\/\/api.w.org\/{rel}","templated":true}]}}